et f be u(-6). Suppose f = 2*h + 6, -n - h + 120 - 33 = 0. What is the tens digit of n?
9
Suppose 3*v - 308 = 4*w, -w + 112 = v - 0*w. Let x = v + -71. What is the units digit of x?
7
Let w = 165 + -159. Suppose -2025 = -w*l + 417. What is the units digit of l?
7
Suppose 0 = -173*d + 2167760 - 1654617 + 2662099. What is the tens digit of d?
5
What is the thousands digit of 925899*4/204 + (53/17 - 3)?
8
Let f(w) = 777*w + 2644. What is the hundreds digit of f(11)?
1
Suppose 15 = -3*i, -108*y = -109*y - 5*i + 10465. What is the ten thousands digit of y?
1
Let h = -15163 + 30468. What is the ten thousands digit of h?
1
Let b = 3966 + 24322. What is the hundreds digit of b?
2
Suppose -2992 = 19*i - 2*i. Let v = i - -524. What is the units digit of v?
8
Let x be (-8516)/(-11) - (-16)/(-88). Let j be x/162 - (-2)/9. Suppose -6*p + j*p = -125. What is the tens digit of p?
2
Suppose 0 = -14*w + 54417 + 58633. Suppose -2*d - 3*j + 2290 = -923, w = 5*d - j. What is the hundreds digit of d?
6
Let i = -14 + 24. Let n be (1*119)/(-14 - (2 + -17)). Let m = n - i. What is the hundreds digit of m?
1
Let g = -50 + 55. Suppose x = -3*h + 5, 5*x + 0*x - 25 = -g*h. Suppose -7*f + 3*f + 420 = h. What is the units digit of f?
5
Let m(a) = -a**3 + 17*a**2 - 14*a - 37. Let d be m(16). Let z(c) = -5*c + 30. What is the tens digit of z(d)?
5
Suppose 0 = -18*k + 169639 - 25837. What is the hundreds digit of k?
9
Let d(g) = -2*g**3 - 3*g**2 - 5*g + 12. Let n be 5 - ((-2)/(-2))/((-4)/(-40)). What is the hundreds digit of d(n)?
2
Let t(p) = -3*p - 44. Let a be t(-9). Let v = 18 + a. What is the units digit of v?
1
Suppose -17*s - 20584 = -21*s. What is the thousands digit of s?
5
Suppose 8*m = 3*m + 15. Let y(g) = -5*g**2 + g + 30. Let x(w) = -4*w**2 + 2*w + 29. Let v(a) = m*y(a) - 4*x(a). What is the tens digit of v(12)?
5
Let b = -777 + 1433. Suppose -2 = -i, -2*z = -i - 0*i - b. What is the units digit of z?
9
Let r = -13751 - -18990. What is the hundreds digit of r?
2
Suppose -357*w = -276*w - 848313. What is the thousands digit of w?
0
Let p = 47 + -45. Let u be ((-2 - -1) + 27/6)*p. Suppose -84 = u*m - 924. What is the hundreds digit of m?
1
Let h(a) = -16*a**2 - 10*a**3 + 13*a**3 + 3 - 2*a**3 - 10*a. Let c be h(17). What is the units digit of c/(-1)*-1*(0 - -1)?
2
Suppose -3*c + 9*z = 4*z - 176, 340 = 5*c + z. Suppose -64*p = -c*p + 501. What is the tens digit of p?
6
Let v = -3694 - -10354. What is the tens digit of v?
6
Let c(d) = -692*d - 642. What is the tens digit of c(-2)?
4
Let w be ((-2294)/(-93))/(1/(-3)*1). Let u = w - -54. Let g(z) = -z**3 - 19*z**2 + 18*z - 4. What is the tens digit of g(u)?
3
Suppose 0 = 5*h - 0 - 350. What is the hundreds digit of (531/6)/(21/h)?
2
Let f(x) = -17*x - 190. Let j be f(-13). Let t = j - -436. What is the hundreds digit of t?
4
Let q = -317 + 985. Suppose 2*v = -3*n + q, -3*n + 414 = -3*v - 249. What is the units digit of n?
2
Let h(p) = p**2 - 20*p + 77. Let z be h(5). Suppose 1016 = z*s - 3*x, 20 = 31*x - 36*x. What is the units digit of s?
2
What is the hundreds digit of (-8004)/8*(-116)/261*63?
0
Suppose -9553 = 19*b - 34272. What is the hundreds digit of b?
3
Suppose -y + 3 = -0*y + 2*b, -5*b + 12 = 4*y. Suppose c - 327 = -5*m + 13, 680 = 2*c - y*m. What is the hundreds digit of c?
3
Let l(t) = t**2 + 10*t. Suppose -5 = -4*g - 45. Let f be l(g). Suppose -4*s + k + 243 = f, -4*s + k + 252 = -3*k. What is the tens digit of s?
6
Suppose 86140 - 24184 = 2*w - 4*j, -4*j = 4*w - 124008. What is the hundreds digit of w?
9
Let n = 30 + -22. Let d be 20390/40 + 2/n. What is the units digit of (2/(-3))/((-4)/d)?
5
What is the hundreds digit of 3 + (3 - -8390) + 0 - (11 - 4)?
3
Let v be 23*171 - 8/(-14)*-7. Suppose -12*t + 9991 + v = 0. What is the tens digit of t?
6
Let d(w) = 55*w + 151. Suppose 6*q = -18 + 90. What is the tens digit of d(q)?
1
What is the hundreds digit of (-4)/(-3) - -4*171743/156?
4
Let u(m) = 9*m**2 - 19*m - 3. Suppose -22 = -4*d + 2*n + 2, -5*d + 3*n = -29. What is the tens digit of u(d)?
0
Let h = -1504 + 8400. What is the thousands digit of h?
6
Suppose -17*s = 22*s - 20252 - 104002. What is the hundreds digit of s?
1
Let c(s) = 24*s + 42*s + 38*s + 6 - 3. Suppose -2*h + 7 = p + 13, p + 3*h = -10. What is the hundreds digit of c(p)?
2
Let n be (-6116)/10 + 12/(-30). Let v = 615 + n. What is the units digit of v?
3
Let h be -13*(44/1 + 2). Let g = 781 + h. What is the tens digit of g?
8
Let j = -6236 - -10160. What is the units digit of j?
4
Suppose 4*c + 5 = 45. Let f = -21 + c. What is the units digit of 11 + (-5 - f)/(-2)?
8
Let t(j) = 232*j - 9394. What is the ten thousands digit of t(160)?
2
Let i(t) = -2*t**2 + 13*t - 12. Let j be i(5). Let v(r) = 9*r - 5*r + j*r + 7 + 4*r**2. What is the tens digit of v(-5)?
7
Suppose 5*i - 1784 = 1856. Suppose 17*h = 10*h + i. What is the hundreds digit of h?
1
Let k = -42409 - -75574. What is the thousands digit of k?
3
Let j(d) = 538*d**2 + 747*d - 5888. What is the thousands digit of j(8)?
4
Suppose 0 = 2*n + 4*j - 35766, -35*j + 39*j = 3*n - 53619. What is the units digit of n?
7
Let j(p) = 49*p + 27. Let t be j(-6). Let d = -532 - t. Let z = 532 + d. What is the tens digit of z?
6
Let m(y) = 32*y + 31. Let o be m(-14). Let c = -89 - o. What is the units digit of c?
8
Let f = 40 - 36. Let z be (-1)/(-3) + f/(-12). Suppose 3*n = -3*c + n + 211, -5*c + 5*n + 385 = z. What is the units digit of c?
3
Suppose 3*n - 17575 = -22*n. Let b = 1980 - n. What is the thousands digit of b?
1
Let u(a) = -a + 2. Let s be u(-8). Suppose 8*k - 6 = s. Suppose z - 171 = -k*z. What is the tens digit of z?
5
Let r be (286/6)/13 - (-2)/(-3). Suppose r*s + 107 = 530. What is the units digit of s?
1
Let l(w) = 7*w**3 - 85*w**2 + 21*w - 16. What is the units digit of l(14)?
6
Suppose -386*o + 389*o = 753. Suppose -3*t - 5 = -356. Let n = o - t. What is the hundreds digit of n?
1
Let t(c) = 20*c - 16. Let l be t(2). Let z be -4 - l/(-3) - 4. Let v = z - -74. What is the tens digit of v?
7
Let p(y) = y**2 + 57*y + 138. What is the units digit of p(63)?
8
Let y = -21 + 6. Let d be 5/(y/(-42)) + -3. Suppose -9 - d = -4*z. What is the units digit of z?
5
Suppose -35*g + 2 = -34*g. Suppose 5 = g*v - 3. Suppose l = 2*l + 4*i - 24, -5*l - v*i = -56. What is the units digit of l?
8
Suppose -225 = -13*l - 2*l. Suppose -l*c = -2088 - 2082. What is the tens digit of c?
7
Let z = -82791 + 132460. What is the tens digit of z?
6
Suppose -8*w + 19 = -37. Suppose -w*y + 40 = -5*y. What is the tens digit of y*5/(-35)*-7?
2
Let c(r) = -r**3 - 7*r**2 + r + 47. Let l be c(-6). Let h(f) = 111*f - 115. What is the units digit of h(l)?
0
Suppose -12*z + 20419 = -42857. What is the units digit of z?
3
Suppose -8*r - 100 = 4. Let w = 0 + 4. What is the tens digit of (r/(78/w))/(2/(-69))?
2
Let m be 2/(-5) - (-1)/(5/(-8)). Let z be 24/((m + (-33)/(-18))*-9). Let l = 23 - z. What is the units digit of l?
7
Suppose -87 = 5*b - 2*b. Let j = b - -39. Suppose -j*k - 220 = -14*k. What is the units digit of k?
5
Let m be (-6 - -11) + (-1 - -1). Suppose 3*v + 7 = 2*z, -4*v - v - m = 0. What is the units digit of 105/10*(z - -6)?
4
Let d be (1 + 3/(-5))/((-46)/(-19090)). Let k = d - -160. What is the hundreds digit of k?
3
Let l(z) = 271*z**3 - 4*z**2 - 3*z + 4. Let i be l(-3). Let v be 2/(-11) + 2*i/88. Let k = v - -259. What is the tens digit of k?
9
Let r(a) = -a**2 + 7*a - 10. Let f be r(4). Suppose -f*n - 7*n = -36. What is the tens digit of 76 + (6/n)/((-3)/6)?
7
Let j = -37 + 75. Let u(p) = 2*p**2 - 13*p + 9. Let c be u(10). Let h = c - j. What is the units digit of h?
1
Suppose 0 = 4*f - 7*f + 30. Suppose -o + 360 = c, -3*c - f = -c. What is the hundreds digit of o?
3
Let u(b) = 4*b**2 - 6*b - 1. Let f = 31 - 38. What is the units digit of u(f)?
7
Suppose -25*x + 444892 = -905411 - 11972. What is the units digit of x?
1
Let b be 1*4 - (2 - 2). Let h(m) = -m**2 + 5*m - 4. Let u be h(b). Suppose 5*a + 2*w - 519 = u, -536 = -5*a - 4*w - 23. What is the hundreds digit of a?
1
Let d(z) = 754*z - 3. Let q(m) = -2*m**3 + 49*m**2 + 23*m + 51. Let v be q(25). What is the hundreds digit of d(v)?
7
Let z(a) = -a**2 + 5*a + 6. Let t be z(4). What is the hundreds digit of 2/(0 - t/(-6215))?
2
Suppose 16*v - 93730 + 6195